{"id":37,"date":"2013-11-18T11:23:08","date_gmt":"2013-11-18T11:23:08","guid":{"rendered":"http:\/\/praxiologiamotriz.inefc.es\/?page_id=37"},"modified":"2020-11-20T20:36:05","modified_gmt":"2020-11-20T20:36:05","slug":"tesis","status":"publish","type":"page","link":"https:\/\/praxiologiamotriz.inefc.es\/?page_id=37","title":{"rendered":"Tesis doctorales"},"content":{"rendered":"<h2>2020<\/h2>\n<p>&#8211; FALC\u00d3N Miguel, David. (2020). La vivencia emocional de los alumnos de secundaria al practicar juegos deportivos tradicionales. Universidad de Lleida. INEFC. Director: Pere Lavega y Jorge Serna. Disponible en: <a href=\"http:\/\/hdl.handle.net\/10803\/669274\">http:\/\/hdl.handle.net\/10803\/669274<\/a><\/p>\n<h2>2019<\/h2>\n<p>&#8211; MU\u00d1OZ Arroyave, Ver\u00f3nica. (2019). Educar la afectividad a trav\u00e9s de los juegos deportivos tradicionales. Universidad de Lleida. INEFC. Director: Pere Lavega y Antoni Costes. Disponible en:\u00a0 <a href=\"http:\/\/hdl.handle.net\/10803\/667467\">http:\/\/hdl.handle.net\/10803\/667467<\/a><\/p>\n<h2>2017<\/h2>\n<div>\n<p style=\"text-align: justify;\">&#8211; <span style=\"color: #000000;\">DUR\u00c1N Delgado, Conxita. (2017). <\/span>La toma de conciencia emocional a trav\u00e9s del juego deportivo en diferentes grupos de edad. Universidad de Lleida. INEFC. Director: Pere Lavega. Disponible en: <a href=\"http:\/\/hdl.handle.net\/10803\/435683\">http:\/\/hdl.handle.net\/10803\/435683<\/a><\/p>\n<p style=\"text-align: justify;\">-LASIERRA Aguil\u00e0, Gerard. (2017). Balonmano: la relaci\u00f3n entre los sistemas de juego, los procedimientos colectivos y su eficacia. Univseridad de Lleida. INEFC. Directores: David Carreras y Manuel Montoya. Disponible en: <a href=\"http:\/\/hdl.handle.net\/10803\/403463\">http:\/\/hdl.handle.net\/10803\/403463<\/a><\/p>\n<p style=\"text-align: justify;\">&#8211; ORMO Ribes, Enric.\u00a0 (2017). Jocs esportius en el context de la guerra civil espanyola: perspectiva etnomotriu. Universidad de Lleida. INEFC. Director: Pere Lavega. Disponible en: <a href=\"http:\/\/hdl.handle.net\/10803\/458559\">http:\/\/hdl.handle.net\/10803\/458559<\/a><\/p>\n<p style=\"text-align: justify;\">&#8211; PRAT Ambr\u00f2s, Queralt (2017). Hacia una educaci\u00f3n f\u00edsica colaborativa y emocional a trav\u00e9s de las tecnolog\u00edas de la informaci\u00f3n y de la comunicaci\u00f3n (TIC). Universidad de Lleida. INEFC. Directors: Pere Lavega y Oleguer Camerino. Disponible en: <a href=\"http:\/\/hdl.handle.net\/10803\/435686\">http:\/\/hdl.handle.net\/10803\/435686<\/a><\/p>\n<h2 style=\"text-align: justify;\">2015<\/h2>\n<p style=\"text-align: justify;\">&#8211; ANDUEZA Azcona, Juan Antonio. (2015). Educar las relaciones interpersonales a trav\u00e9s de la educaci\u00f3n f\u00edsica en primaria. Universidad de Lleida. INEFC. Director: Pere Lavega. Disponible en: <a href=\"http:\/\/hdl.handle.net\/10803\/306602\">http:\/\/hdl.handle.net\/10803\/306602<\/a><\/p>\n<h2 style=\"text-align: justify;\"><strong>2014<\/strong><\/h2>\n<p style=\"text-align: justify;\">&#8211; SERNA Bardavio, Jorge. (2014). Inteligencia Motriz e Inteligencia Emocional en el Baloncesto. Universidad de Lleida. INEFC. Director: Pere Lavega. Disponible en: <a href=\"http:\/\/hdl.handle.net\/10803\/285048\">http:\/\/hdl.handle.net\/10803\/285048<\/a><\/p>\n<h2 style=\"text-align: justify;\"><strong>2011<\/strong><\/h2>\n<p style=\"text-align: justify;\">&#8211; S\u00c1EZ de Oc\u00e1riz, Unai. (2011). Conflictos y Educaci\u00f3n F\u00edsica a la luz de la praxiolog\u00eda motriz. Estudio de caso de un centro educativo de primaria.Universidad de Lleida. INEFC. Director: Pere Lavega. Disponible en: <a href=\"http:\/\/hdl.handle.net\/10803\/53637\">http:\/\/hdl.handle.net\/10803\/53637<\/a><\/p>\n<h2 style=\"text-align: justify;\"><strong>2010<\/strong><\/h2>\n<p style=\"text-align: justify;\">&#8211; FACHARDO Jaqueira, Ana Rosa. (2010). O processo de desportiviza\u00e7\u00e3o da luta da Capoeira. Universidade de Coimbra. Director: Paulo Araujo.<\/p>\n<p style=\"text-align: justify;\">&#8211; OIARBIDE Goikoetxea, Asier. (2010). Mendi zeharkaldi, aerobic eta futbolaren etnomotrizitateak. UPV-EHU. Director: Joseba Etxebeste.<\/p>\n<p style=\"text-align: justify;\">&#8211; ROVIRA Bahillo, Gl\u00f2ria. (2010). La conciencia sensitiva en la formaci\u00f3n del docente. Estudio de casos: las vivencias de los estudiantes de magisterio suscitadas en la pr\u00e1ctica de situaciones motrices introyectivas. Universidad de Lleida. INEFC. Director: Paco Lagardera.<\/p>\n<h2 style=\"text-align: justify;\"><strong>2009<\/strong><\/h2>\n<p style=\"text-align: justify;\">&#8211; ARIAS Estero, Jos\u00e9 Luis. (2009). Influencia de la modificaci\u00f3n de la masa del bal\u00f3n sobre variables relacionadas con las acciones motrices en minibasket. Universidad Aut\u00f3noma de Madrid. Directores: Francisco Argudo Iturriaga y Jos\u00e9 Ignacio Alonso Roque.<\/p>\n<p style=\"text-align: justify;\">&#8211; GARC\u00cdA Mar\u00edn, Pablo. (2009). Evaluaci\u00f3n cuantitativa de la desigualdad num\u00e9rica temporal simple con posesi\u00f3n mediante observaci\u00f3n sistem\u00e1tica en waterpolo. Universidad Aut\u00f3noma de Madrid. Directores: Francisco Argudo Iturriaga y Jos\u00e9 Ignacio Alonso Roque.<\/p>\n<p style=\"text-align: justify;\">&#8211; URDANGARIN Liebaert, Clara. (2009). Bailando Jauzi bajo barras y estrellas: una etnograf\u00eda del Zazpiak Bat Group of Dancers de Reno, Nevada. UPV. Director: Joseba Etxebeste.<\/p>\n<\/div>\n<div>\n<h2 style=\"text-align: justify;\"><\/h2>\n<h2 style=\"text-align: justify;\"><strong>2007<\/strong><\/h2>\n<p style=\"text-align: justify;\">&#8211; INVERN\u00d3 i Cur\u00f3s, Josep. (2007). Optimitzaci\u00f3 d\u00b4una experi\u00e8ncia pedag\u00f2gica a partir de criteris praxiol\u00f2gics, basada en la educaci\u00f3 en valors i realitzada en el medi natural amb alumnes de 14-16 anys. Universidad de Lleida. INEFC. Director: Paco Lagardera.<\/p>\n<p style=\"text-align: justify;\">&#8211; RAMOS, Jos\u00e9 Ricardo da Silva. (2007). O Jogo como linguagem: a abordagem funcionalista da linguagem nas praticas corporais coletivas. Universidad Federal Fluminense (Brasil), Instituto de Letras.<\/p>\n<h2 style=\"text-align: justify;\"><strong>2006<\/strong><\/h2>\n<p style=\"text-align: justify;\">&#8211; INVERN\u00d3, Josep. Curi\u00f3. Optimizaci\u00f3n de una experiencia pedagogica a partir de criterios praxiol\u00f3gicos, basada en la educaci\u00f3n de valores, y realizada en el medio natural, con alumnos de 14-16 a\u00f1os. INEFC Lleida &#8211; UDL (2006). <a href=\"http:\/\/www.praxiologiamotriz.inefc.es\/PDF\/Tesis%20Josep%20Invern%C3%B3.pdf\">PDF<\/a><\/p>\n<h2 style=\"text-align: justify;\"><strong>2005<\/strong><\/h2>\n<p style=\"text-align: justify;\">&#8211; MOR\u00c1N, Mois\u00e9s Vega (2005). An\u00e1lisis praxiol\u00f3gico de la estructura de la Vela Latina Canaria: estudio de la situaci\u00f3n motriz de competici\u00f3n en las regatas de la bah\u00eda de Las\u00a0 Palmas de Gran Canaria. Tesis doctoral no publicada, Univ. Las Palmas de Gran Canaria. Directores Dr. Jos\u00e9 Hern\u00e1ndez Moreno y Dr. Juan Pedro Rodr\u00edguez Ribas.<\/p>\n<h2 style=\"text-align: justify;\"><strong>2004<\/strong><\/h2>\n<p style=\"text-align: justify;\">&#8211; ALONSO Roque, Jos\u00e9 Ignacio (2004): An\u00e1lisis de la estrategia motriz en el frontenis ol\u00edmpico. Tesis doctoral no publicada, Universidad de Murcia.<\/p>\n<p style=\"text-align: justify;\">&#8211; BORTOLETO, Marco Antonio Coelho (2004): La l\u00f3gica interna de la Gimnasia Art\u00edstica Masculina (GAM) y estudio etnogr\u00e1fico de un Gimnasio de alto rendimiento. Tesis doctoral no publicada. Universidad de Lleida &#8211; INEFC Centro de Lleida. <a href=\"http:\/\/www.praxiologiamotriz.inefc.es\/PDF%5CTesis%20-%20Resumen%20-%20Marco%20Bortoleto.pdf\">Resumen (espa\u00f1ol)<\/a>\u00a0 &#8211;\u00a0\u00a0 <a href=\"http:\/\/www.praxiologiamotriz.inefc.es\/PDF%5CTesis%20-%20Abstract%20-%20Marco%20Bortoleto.pdf\">Abstract (ingl\u00e9s)<\/a> &#8211;\u00a0 <a href=\"http:\/\/www.praxiologiamotriz.inefc.es\/PDF%5CTesis%20-%20Resum%C3%A8%20-%20Marco%20Bortoleto.pdf\">Resum\u00e8 (franc\u00e9s)<\/a>\u00a0 &#8211;\u00a0 <a href=\"http:\/\/www.praxiologiamotriz.inefc.es\/PDF%5CTesis%20-%20Resumo%20-%20Marco%20Bortoleto.pdf\">Resumo (portugu\u00e9s)<\/a> &#8211;\u00a0\u00a0 <a href=\"http:\/\/www.praxiologiamotriz.inefc.es\/PDF%5CTesis%20-%20Resum%20-%20Marco%20Bortoleto.pdf\">Resum (catal\u00e1n)<\/a>\u00a0 &#8211; <a href=\"http:\/\/www.praxiologiamotriz.inefc.es\/PDF%5CBortoleto_Tesis.zip\">Texto completo ZIP 3mb.<\/a><\/p>\n<h2 style=\"text-align: justify;\"><strong>2003<\/strong><\/h2>\n<p style=\"text-align: justify;\">-VARGAS, Eva (2003). Etudde Comparative de trois pratiques corporelles: l\u2019a\u00e9robic, le surf des nieges et le tennis. Comparaci\u00f3n interculturelle entre pratiquants de paris et de Barcelone. Tesis doctoral no publicada. Universidad Par\u00eds V-Ren\u00e9 Descartes. UFR de Sciences Sociales. Resumen Castellano<\/p>\n<p style=\"text-align: justify;\">&#8211; HERN\u00c1NDEZ P\u00e9rez, Jos\u00e9 Mario (2003): Educaci\u00f3n F\u00edsica y raciovitalismo: an\u00e1lisis de contenido de los curriculos de la Educaci\u00f3n secundaria obligatoria. Tesis doctoral no publicada. Universidad de las Plamas de Gran Canaria. Directo: Dr. Jos\u00e9 Hern\u00e1ndez Moreno y Dr. Juan Pedro Rodr\u00edguez Ribas. Resumen Castellano<\/p>\n<p style=\"text-align: justify;\">&#8211; CABALLERO Garc\u00eda, Juan Carlos (2003): Influencia de la gestualidad sobre los servicios, los restos, las superficies de juego y el g\u00e9nero. Estudio pr\u00e1xico del tenics de individuales. Tesis doctoral no publicada. Universidad Cat\u00f3lia de Murcia. Resumen Castellano<\/p>\n<h2 style=\"text-align: justify;\"><strong>2002<\/strong><\/h2>\n<p style=\"text-align: justify;\">&#8211; DE MARIMON, Joaquim i Vilalta (2002) : Estudi dels Sistemes Praxiol\u00f2gics Adaptatius: El cas del vol Lliure en ala de pendent en la modalitat psicop\u00b4\u00e0xica no competitiva de cros.Tesis de doctorado presentada en el INEFC Lleida &#8211; Director: Dr. Francisco Lagardera Otero, Universitat de Lleida, INEFC &#8211; Lleida. <a href=\"http:\/\/www.praxiologiamotriz.inefc.es\/PDF%5Cquim_res_ingl.pdf\">Resumen Ingl\u00e9s PDF<\/a><a href=\"http:\/\/www.praxiologiamotriz.inefc.es\/PDF%5Cquim_res_cat.pdf\">Resumen Catal\u00e1n PDF<\/a>\u00a0 <a href=\"http:\/\/www.praxiologiamotriz.inefc.es\/PDF%5Cquim_res_cast.pdf\">Resumen Castellano PDF<\/a><\/p>\n<p style=\"text-align: justify;\">&#8211; ELLOUMI, Ali (2002): Analyse socioculturelle des jeux sportifs tunisiens. Intituci\u00f3n: Ma\u00eetre assistant \u00e0 l\u2019ISSEP de Sfax (Francia).<\/p>\n<p style=\"text-align: justify;\">&#8211; GUERRA, Guzm\u00e1n Brito (2002): An\u00e1lisis comparado de dos metodolog\u00edas de ense\u00f1anza de la t\u00e9cnica en los juegos deportivos. Una aplicaci\u00f3n en la lucha canaria. Director: Dr. Fernando Amador Ram\u00edrez. Fecha de Lectura: 2 de Febrero de 2002. Departamento: Educaci\u00f3n F\u00edsica. Universidad: Las Palmas de Gran Canaria. <a href=\"http:\/\/www.praxiologiamotriz.inefc.es\/PDF%5CGuzman_tesis.pdf\">Resumen Castellano PDF<\/a><\/p>\n<p style=\"text-align: justify;\">&#8211; RIBAS, Joao Francisco Magno (2002) : CContribuiciones de la praxiolog\u00eda motriz para la educaci\u00f3n f\u00edsica en la escuela: una investigaci\u00f3n de los par\u00e1metros curriculares nacionales de brasil \u2013 ense\u00f1anza basica. Tesis de doctorado presentada en la Facultad de Educaci\u00f3n F\u00edsica (FEF) &#8211; Universidad Estatal sde Campinas (UNICAMP) S\u00e3o Paulo &#8211; Brasil. Director: Profesor Dr. Ademir de Marco\u00a0\u00a0 <a href=\"http:\/\/www.praxiologiamotriz.inefc.es\/PDF%5CJoao_abstract.pdf\">Resumen Ingl\u00e9s PDF<\/a>\u00a0\u00a0 <a href=\"http:\/\/www.praxiologiamotriz.inefc.es\/PDF%5CJoao_resumo_port.pdf\">Resumen Portugu\u00e9s PDF<\/a>\u00a0 <a href=\"http:\/\/www.praxiologiamotriz.inefc.es\/PDF%5CJoao_resumen_cast.pdf\">Resumen Castellano PDF<\/a><\/p>\n<p style=\"text-align: justify;\">&#8211; VALENZUELA, Jaime Alejandro Romero (2002)\u00a0 : El Ciclotur de aventura en la naturaleza: su l\u00f3gica interna y algunos aspectos de su l\u00f3gica externa. Tesis de doctorado presentada en el INEFC Lleida &#8211; Director: Dr. Francisco Lagardera Otero, Universitat de Lleida, INEFC &#8211; Lleida. <a href=\"http:\/\/www.praxiologiamotriz.inefc.es\/PDF%5CJaime_tesis_resu_i.pdf\">Resumen Ingl\u00e9s PDF<\/a>\u00a0\u00a0 <a href=\"http:\/\/www.praxiologiamotriz.inefc.es\/PDF%5CJaime_tesis_resu_c.pdf\">Resumen Catal\u00e1n PDF<\/a>\u00a0 <a href=\"http:\/\/www.praxiologiamotriz.inefc.es\/PDF%5CJaime_tesis_resu_e.pdf\">Resumen Castellano PDF<\/a><\/p>\n<h2 style=\"text-align: justify;\"><strong>2001<\/strong><\/h2>\n<p style=\"text-align: justify;\">&#8211; CASTRO, Ul\u00edses Nu\u00f1ez (2001): Estudio etnogr\u00e1fico y de la l\u00f3gica de las situaciones motrices de un juego tradicional desaparecido: la pina. Tesis doctoral. Departamento de Educaci\u00f3n F\u00edsica. Universidad de Las Palmas de Gran Canaria. Resumen Castellano<\/p>\n<p style=\"text-align: justify;\">&#8211; ETXEBESTE, Joseba (2001): Les jeux sportifs, \u00e9l\u00e9ments de la socialisation des enfants du Pays Basque. Director: Pierre Parlebas. Universidad Paris V &#8211; Rene Descartes, UFR de Sciencies Humaines et Sociales, Sorbonne.<\/p>\n<p style=\"text-align: justify;\">&#8211; PRIETO Garc\u00eda, Gustavo (2001) : An\u00e1lisis praxiol\u00f3gico de los desplazamientos del bal\u00f3n entre jugadores en baloncesto: An\u00e1lisis pr\u00e1ctico del desplazamiento del bal\u00f3n previo al tiro de tres. Director: Javier Sampedro, Universidad Politecnica de Madrid, INEF Madrid.<\/p>\n<h2 style=\"text-align: justify;\"><strong>2000<\/strong><\/h2>\n<p style=\"text-align: justify;\">&#8211; ARGUDO, Francisco Iturriaga (2000) : Modelo de evaluaci\u00f3n t\u00e1ctica en deportes de oposici\u00f3n con colaboraci\u00f3n. Estudio pr\u00e1xico del waterpolo. Director: Dr. Mario Lloret Riera, Universitat de Barcelona (Departament de Teoria I Historia De L\u00b4Educaci\u00f3), INEFC &#8211; Barcelona. <a href=\"http:\/\/www.praxiologiamotriz.inefc.es\/PDF%5CQuico_Abstract_tesis.pdf\">Abstract PDF<\/a>\u00a0\u00a0 <a href=\"http:\/\/www.praxiologiamotriz.inefc.es\/PDF%5CArgudo_tesis_doctoral.pdf\">Resumen PDF<\/a><\/p>\n<p style=\"text-align: justify;\">&#8211; CASTELLENO, Julen\u00a0 Paulis (2000). Observaci\u00f3n y an\u00e1lisis de la acci\u00f3n de juego en f\u00fatbol. Instituto Vasco de Educaci\u00f3n F\u00edsica, Espa\u00f1a. <a href=\"mailto:jcastellanop@nexo.es\">jcastellanop@nexo.es<\/a><a href=\"http:\/\/www.praxiologiamotriz.inefc.es\/PDF%5CTesis_doctoral_Julen_2000_resumen.pdf\">Resumen PDF<\/a><\/p>\n<p style=\"text-align: justify;\">&#8211; CUESTA Perell\u00f3, Juan G. (2000) : Caracterizaci\u00f3n del b\u00e9isbol y an\u00e1lisis de sus acciones de juego. Director: Dr. Mario Lloret I Riera, Universitat de Barcelona (Departament de Teoria I Historia De L\u00b4Educaci\u00f3), INEFC &#8211; Barcelona.<\/p>\n<p style=\"text-align: justify;\">&#8211; JIM\u00c9NEZ, Francisco\u00a0 Jim\u00e9nez (2000): Estudio praxiol\u00f3gico de la estructura de las situaciones de ense\u00f1anza en los deportes de cooperaci\u00f3n\/oposici\u00f3n de espacio com\u00fan y participaci\u00f3n simult\u00e1nea: balonmano y f\u00fatbol sala. Director: Jos\u00e9 Hern\u00e1ndez Moreno. Universidad de las Palmas de Gran Canaria. <a href=\"http:\/\/www.praxiologiamotriz.inefc.es\/PDF%5CJimenez_tesis_cast.pdf\">Resumen Castellano PDF<\/a>\u00a0\u00a0\u00a0 <a href=\"http:\/\/www.praxiologiamotriz.inefc.es\/PDF%5CJimenez_tesis_ingles.pdf\">Resumen Ingl\u00e9s PDF<\/a><\/p>\n<p style=\"text-align: justify;\">&#8211; LAGO, Carlos Pe\u00f1as (2000): La acci\u00f3n motriz en los deportes de equipo de espacio com\u00fan y participaci\u00f3n simult\u00e1nea. INEF La Coru\u00f1a. Universidad de Coru\u00f1a. Directores: Mar\u00eda Teresa Anguera Argilaga y Rafael Mart\u00edn Acero.<\/p>\n<p style=\"text-align: justify;\">&#8211; SIERRA Palmeiro, M. Elena (2000) :\u00a0 An\u00e1lisis Praxiol\u00f3gico de la gimnasia r\u00edtmica deportiva: Las situaciones sociomotrices de conjunto. Universidad La Coru\u00f1a, Facultad de Ciencias de la Actividad F\u00edsica y el Deporte, INEF La Coru\u00f1a. Director: Jos\u00e9 Hern\u00e1ndez Moreno. <a href=\"http:\/\/www.praxiologiamotriz.inefc.es\/PDF%5CSierra_Palmeiro_Tesis_Resumen.pdf\">Resumen\u00a0 PDF<\/a><\/p>\n<h2 style=\"text-align: justify;\"><strong>1999<\/strong><\/h2>\n<p style=\"text-align: justify;\">&#8211; DUGAS, Eric (1999). Transfert d\u00b4apprentissage dans les situacions physomotrice et sociomotrice en fonction de plusieurs modalit\u00e9s p\u00e9dagogiques. Tesis doctoral, Par\u00eds V, Par\u00eds.<\/p>\n<p style=\"text-align: justify;\">&#8211; GOROSPE, Guillermo\u00a0 Ega\u00f1a (1999). Observaci\u00f3n y an\u00e1lisis de la acci\u00f3n de juego\u00a0 en el tenis de individuales: aportaciones del an\u00e1lisis secuencial y de las coordenadas polares. Instituto Vasco de Educaci\u00f3n F\u00edsica &#8211; Espa\u00f1a <a href=\"http:\/\/www.praxiologiamotriz.inefc.es\/PDF%5CTesis_doctoral_Guillermo_1999_resumen.pdf\">Resumen PDF<\/a><\/p>\n<h2 style=\"text-align: justify;\"><strong>1997<\/strong><\/h2>\n<p style=\"text-align: justify;\">&#8211; COLLARD, Luc\u00a0 (1997). Sports, enjeux et accidents. Tesis doctoral no publicada, Sorbonne Par\u00eds V, Par\u00eds.<\/p>\n<p style=\"text-align: justify;\">&#8211; RODR\u00cdGUEZ Ribas, Juan Pedro (1997) :\u00a0 Fundamentos te\u00f3ricos y metodol\u00f3gicos de la praxiolog\u00eda motriz. Director: Jos\u00e9 Hernandez Moreno, Universidad de Las Palmas de Gran Canaria. <a href=\"http:\/\/www.praxiologiamotriz.inefc.es\/PDF%5CJuan_Pedro_abstract_tesis.pdf\">PDF Abstract\u00a0<\/a>\u00a0 <a href=\"http:\/\/www.praxiologiamotriz.inefc.es\/PDF%5CJuan_Pedro_resumen_indice_tesis.pdf\">Resumen &#8211; Indice Castellano PDF<\/a><\/p>\n<h2 style=\"text-align: justify;\"><strong>1996<\/strong><\/h2>\n<p style=\"text-align: justify;\">&#8211; PLANA, C. (1996). An\u00e1lisis praxiol\u00f3gico de la estructura del tenis. Comparaci\u00f3n de las acciones de juego en la modalidad singles y dobles masculina sobre superficie de tierra batida. Tesis doctoral no publicada, Universidad Las Palmas de Gran Canaria.<\/p>\n<p style=\"text-align: justify;\">&#8211; RUIZ, G. (1996). An\u00e1lisis praxiol\u00f3gico de la estructura del tenis. Comparaci\u00f3n de las acciones de juego en la modalidad singles y dobles masculina sobre superficie de tierre batida. Tesis doctoral, Universidad de Las Palmas de Gran Canaria.<\/p>\n<p style=\"text-align: justify;\">&#8211; SAMPEDRO Molinuevo, Javier (1996) : Analisis praxiol\u00f3gico de los deportes de equipo. Una aplicaci\u00f3n al futbolsala. Director: Jos\u00e9 Hernandez Moreno, Universidad Politecnica de Madrid, INEF Madrid.<\/p>\n<h2 style=\"text-align: justify;\"><strong>1995<\/strong><\/h2>\n<p style=\"text-align: justify;\">&#8211; COSTES i Rodr\u00edguez, Antoni (1995): Estudi observacional de les tasques semidefinides i les modificacions de rols conseg\u00fcents en un j.tradicional sociomotriu.<\/p>\n<p style=\"text-align: justify;\">&#8211; LAVEGA i Burgu\u00e9s, Pere (1995):\u00a0Del joc a l&#8217;esport. Estudi de les\u00a0 bitlles al Pl\u00e0 d&#8217;Urgell (Lleida). Director: Dr. Francisco Lagardera Otero, Universitat de Barcelona (Departament de Teoria I Historia De L\u00b4Educaci\u00f3), INEFC &#8211; Lleida (Universitat de Lleida). <a href=\"http:\/\/www.praxiologiamotriz.inefc.es\/PDF%5CPere_resumen-tesis_1995%20C.pdf\">Resumen PDF<\/a><\/p>\n<p style=\"text-align: justify;\">&#8211; NAVARRO Adelantado, Amador (1995):\u00a0Estudio de conductas infantiles en un juego motor de reglas. An\u00e1lisis de la estructura de juego, edad y g\u00e9nero. Director: Jos\u00e9 Hern\u00e1ndez Moreno, Universidad de Las Palmas de Gran Canaria (Departamento de F\u00edsica).<\/p>\n<h2 style=\"text-align: justify;\"><strong>1994<\/strong><\/h2>\n<p style=\"text-align: justify;\">&#8211; AMADRO Ram\u00edrez, Fernando (1994) : Estudio praxiol\u00f3gico de los deportes de lucha. An\u00e1lisis de la acci\u00f3n de brega en la Lucha Canaria. Director: Jos\u00e9 Hern\u00e1ndez Moreno, Universidad de Las Palmas de Gran Canaria (Departamento de F\u00edsica).<\/p>\n<p style=\"text-align: justify;\">&#8211; LLORET Riera, Mario (1994) : An\u00e1lisis de la acci\u00f3n de juego en el Waterpolo. Durante la Olimpiada de Barcelona &#8211; 1992. Universitat de Barcelona &#8211; INEFC Barcelona.<\/p>\n<h2 style=\"text-align: justify;\"><strong>1993<\/strong><\/h2>\n<p style=\"text-align: justify;\">&#8211; OLASO Climent, Salvador (1993) :\u00a0 El joc de pilota en la Comunitat Valenciana. Director: Dr. Jos\u00e9 M. Boqueras Oliver, Universitat de Barcelona (Departament de Teoria I Historia De L\u00b4Educaci\u00f3).<\/p>\n<h2 style=\"text-align: justify;\"><strong>1980-1990<\/strong><\/h2>\n<p style=\"text-align: justify;\">&#8211; DELAUNAY, Michel (1980) : Conduites sociomotrices, conflits et structures de jeu. Estude Exp\u00e9rimentale et clinique (Pr\u00e9adolescents de 12-13 ans). Director: M. Gilly, Universite de Provence.<\/p>\n<p style=\"text-align: justify;\">&#8211; HERN\u00c1NDEZ Moreno, Jos\u00e9 (1987) : Estudio sobre el an\u00e1lisis de la acci\u00f3n de juego en los deportes de equipo: su aplicaci\u00f3n al baloncesto.<\/p>\n<p style=\"text-align: justify;\">&#8211; PARLEBAS, Pierre (1982) : La logique interne des jeux sportifs: mod\u00e9lisation des universaux et \u00e9tude quasi-exp\u00e9rimentale. Director: Roger Daval, Universite Sorbonne &#8211; Paris, Sciences Humaines.<\/p>\n<\/div>\n","protected":false},"excerpt":{"rendered":"<p>2020 &#8211; FALC\u00d3N Miguel, David. (2020). La vivencia emocional de los alumnos de secundaria al practicar juegos deportivos tradicionales. Universidad de Lleida. INEFC. Director: Pere Lavega y Jorge Serna. Disponible en: http:\/\/hdl.handle.net\/10803\/669274 2019 &#8211; MU\u00d1OZ Arroyave, Ver\u00f3nica. (2019). Educar la afectividad a trav\u00e9s de los juegos deportivos tradicionales. Universidad de Lleida. INEFC. Director: Pere Lavega [&hellip;]<\/p>\n","protected":false},"author":1,"featured_media":0,"parent":0,"menu_order":0,"comment_status":"closed","ping_status":"closed","template":"sidebar-page.php","meta":{"footnotes":""},"class_list":["post-37","page","type-page","status-publish","hentry"],"_links":{"self":[{"href":"https:\/\/praxiologiamotriz.inefc.es\/index.php?rest_route=\/wp\/v2\/pages\/37","targetHints":{"allow":["GET"]}}],"collection":[{"href":"https:\/\/praxiologiamotriz.inefc.es\/index.php?rest_route=\/wp\/v2\/pages"}],"about":[{"href":"https:\/\/praxiologiamotriz.inefc.es\/index.php?rest_route=\/wp\/v2\/types\/page"}],"author":[{"embeddable":true,"href":"https:\/\/praxiologiamotriz.inefc.es\/index.php?rest_route=\/wp\/v2\/users\/1"}],"replies":[{"embeddable":true,"href":"https:\/\/praxiologiamotriz.inefc.es\/index.php?rest_route=%2Fwp%2Fv2%2Fcomments&post=37"}],"version-history":[{"count":21,"href":"https:\/\/praxiologiamotriz.inefc.es\/index.php?rest_route=\/wp\/v2\/pages\/37\/revisions"}],"predecessor-version":[{"id":1072,"href":"https:\/\/praxiologiamotriz.inefc.es\/index.php?rest_route=\/wp\/v2\/pages\/37\/revisions\/1072"}],"wp:attachment":[{"href":"https:\/\/praxiologiamotriz.inefc.es\/index.php?rest_route=%2Fwp%2Fv2%2Fmedia&parent=37"}],"curies":[{"name":"wp","href":"https:\/\/api.w.org\/{rel}","templated":true}]}}